986 is divided by 11071?
773
Calculate the remainder when 34418 is divided by 1144.
98
Calculate the remainder when 2669134 is divided by 175.
34
What is the remainder when 51230016 is divided by 933?
852
What is the remainder when 1340977 is divided by 138?
31
Calculate the remainder when 50096019 is divided by 209.
182
What is the remainder when 6705036 is divided by 838109?
164
Calculate the remainder when 20881811 is divided by 6960566.
113
What is the remainder when 7474257 is divided by 108?
9
What is the remainder when 27146903 is divided by 531?
59
What is the remainder when 129171683 is divided by 70?
53
Calculate the remainder when 66342 is divided by 16178.
1630
Calculate the remainder when 260796 is divided by 222.
168
Calculate the remainder when 851158 is divided by 5491.
53
What is the remainder when 318142 is divided by 317916?
226
What is the remainder when 305202311 is divided by 2852358?
5
What is the remainder when 8850477 is divided by 98?
97
Calculate the remainder when 280014 is divided by 1582.
0
What is the remainder when 128920 is divided by 2388?
2356
Calculate the remainder when 1194759 is divided by 1137.
909
What is the remainder when 84422600 is divided by 777?
773
Calculate the remainder when 65967 is divided by 620.
247
Calculate the remainder when 84616 is divided by 80818.
3798
Calculate the remainder when 25518150 is divided by 102.
96
What is the remainder when 26305171 is divided by 743?
742
Calculate the remainder when 42462755 is divided by 13.
10
Calculate the remainder when 754383197 is divided by 2469.
2468
Calculate the remainder when 796665 is divided by 113769.
282
What is the remainder when 614367 is divided by 68252?
99
What is the remainder when 44110813 is divided by 7968?
7933
Calculate the remainder when 707997 is divided by 22835.
112
Calculate the remainder when 10743549 is divided by 128.
125
What is the remainder when 180225 is divided by 59598?
1431
What is the remainder when 16020302 is divided by 20?
2
Calculate the remainder when 2833565 is divided by 137.
131
What is the remainder when 6896328 is divided by 275851?
53
What is the remainder when 413043 is divided by 2017?
1575
Calculate the remainder when 12975 is divided by 12879.
96
What is the remainder when 5977346 is divided by 12966?
20
Calculate the remainder when 48189503 is divided by 11559.
32
Calculate the remainder when 10301215 is divided by 151.
146
What is the remainder when 288487 is divided by 288478?
9
What is the remainder when 3069012 is divided by 557?
499
Calculate the remainder when 10054140 is divided by 32.
28
What is the remainder when 92894369 is divided by 162?
5
Calculate the remainder when 1034022 is divided by 258.
216
What is the remainder when 42923308 is divided by 126245?
8
What is the remainder when 937792 is divided by 312580?
52
What is the remainder when 13087 is divided by 298?
273
What is the remainder when 152141814 is divided by 19?
17
Calculate the remainder when 2027785 is divided by 1597.
1192
What is the remainder when 687714 is divided by 343821?
72
What is the remainder when 28053838 is divided by 2083?
2077
What is the remainder when 23010 is divided by 1640?
50
What is the remainder when 27572 is divided by 3655?
1987
Calculate the remainder when 79298 is divided by 696.
650
Calculate the remainder when 2380852 is divided by 89.
13
Calculate the remainder when 318484 is divided by 106139.
67
What is the remainder when 16943403 is divided by 302?
297
What is the remainder when 1099520 is divided by 287?
23
What is the remainder when 27954 is divided by 27948?
6
Calculate the remainder when 133332 is divided by 295.
287
What is the remainder when 6006856 is divided by 441?
436
What is the remainder when 129665107 is divided by 4420?
4407
Calculate the remainder when 180979412 is divided by 50300.
12
Calculate the remainder when 34275 is divided by 3139.
2885
What is the remainder when 135625 is divided by 6230?
4795
What is the remainder when 303158 is divided by 666?
128
Calculate the remainder when 103273 is divided by 7848.
1249
What is the remainder when 1395369 is divided by 289?
77
Calculate the remainder when 14536208 is divided by 14536145.
63
Calculate the remainder when 1255543 is divided by 665.
23
Calculate the remainder when 759929 is divided by 189778.
817
What is the remainder when 353760 is divided by 309?
264
Calculate the remainder when 798625 is divided by 395.
330
What is the remainder when 26923 is divided by 832?
299
What is the remainder when 99577 is divided by 49777?
23
Calculate the remainder when 1542790 is divided by 489.
484
Calculate the remainder when 8227677 is divided by 329107.
2
What is the remainder when 644627 is divided by 644507?
120
Calculate the remainder when 78814975 is divided by 26271656.
7
Calculate the remainder when 701302 is divided by 173737.
6354
What is the remainder when 707219 is divided by 625?
344
What is the remainder when 174906 is divided by 3883?
171
What is the remainder when 6324717 is divided by 12?
9
What is the remainder when 66463 is divided by 13289?
18
What is the remainder when 121548 is divided by 266?
252
Calculate the remainder when 1128079 is divided by 3958.
49
Calculate the remainder when 1768642 is divided by 517.
502
Calculate the remainder when 47513583 is divided by 2139.
2115
Calculate the remainder when 926399 is divided by 109.
8
Calculate the remainder when 43542 is divided by 19782.
3978
What is the remainder when 375353 is divided by 375337?
16
What is the remainder when 52404182 is divided by 39?
38
What is the remainder when 216211 is divided by 30881?
44
What is the remainder when 26847 is divided by 3147?
1671
What is the remainder when 19155032 is divided by 8303?
11
What is the remainder when 707118 is divided by 26188?
42
Calculate the remainder when 1913941 is divided by 9246.
19
What is the remainder when 561414 is divided by 187021?
351
What is the remainder when 1537610 is divided by 1536960?
650
What is the remainder when 1381503 is divided by 230247?
21
Calculate the remainder when 6500179 is divided by 5289.
5287
Calculate the remainder when 628819 is divided by 125757.
34
Calculate the remainder when 1606152 is divided by 20851.
625
What is the remainder when 72075 is divided by 255?
165
What is the remainder when 105354 is divided by 764?
686
Calculate the remainder when 14629224 is divided by 34.
10
Calculate the remainder when 405650 is divided by 8821.
8705
What is the remainder when 76274326 is divided by 110?
106
Calculate the remainder when 1917380255 is divided by 4588.
4587
Calculate the remainder when 2018370 is divided by 1009050.
270
What is the remainder when 20819 is divided by 872?
763
What is the remainder when 42231 is divided by 20921?
389
What is the remainder when 2095977 is divided by 22537?
36
Calculate the remainder when 850579 is divided by 31492.
295
Calculate the remainder when 3227176 is divided by 3.
1
What is the remainder when 3021819 is divided by 908?
903
What is the remainder when 5727161 is divided by 46943?
115
What is the remainder when 34941 is divided by 11306?
1023
Calculate the remainder when 51408092 is divided by 6.
2
Calculate the remainder when 89289 is divided by 260.
109
What is the remainder when 40674506 is divided by 166?
24
Calculate the remainder when 286316 is divided by 796.
552
Calculate the remainder when 42335 is divided by 42291.
44
Calculate the remainder when 471273 is divided by 8030.
5533
Calculate the remainder when 1293354 is divided by 23.
18
What is the remainder when 102394161 is divided by 25598528?
49
What is the remainder when 516840 is divided by 33?
27
What is the remainder when 3025340 is divided by 302520?
140
Calculate the remainder when 4408933 is divided by 879.
748
Calculate the remainder when 89976170 is divided by 27.
20
What is the remainder when 2547 is divided by 2410?
137
Calculate the remainder when 38080586 is divided by 787.
17
What is the remainder when 16383497 is divided by 2717?
2704
Calculate the remainder when 285061 is divided by 372.
109
What is the remainder when 3627 is divided by 1195?
42
What is the remainder when 16276 is divided by 913?
755
Calculate the remainder when 1055311 is divid